7220?
True
Does 77 divide 854558?
False
Is 79 a factor of 889039?
False
Is 200539 a multiple of 241?
False
Is 25 a factor of 8200?
True
Does 110 divide 2264?
False
Does 9 divide 69255?
True
Is 355622 a multiple of 85?
False
Is 15 a factor of 41250?
True
Does 112 divide 377422?
False
Is 1384612 a multiple of 52?
False
Is 11 a factor of 592224?
False
Is 2260298 a multiple of 5?
False
Is 521 a factor of 430867?
True
Is 577 a factor of 2381313?
False
Does 19 divide 282018?
False
Is 483840 a multiple of 512?
True
Is 15289487 a multiple of 67?
False
Is 17 a factor of 88162?
True
Is 236048 a multiple of 4?
True
Does 9 divide 100386?
True
Is 542423 a multiple of 2?
False
Is 1682854 a multiple of 10?
False
Is 40084 a multiple of 11?
True
Is 348 a factor of 1044261?
False
Does 52 divide 112033?
False
Does 20 divide 10134560?
True
Is 58 a factor of 595950?
True
Is 198 a factor of 57420?
True
Is 48 a factor of 1478592?
True
Is 168 a factor of 14033532?
False
Is 67 a factor of 14241051?
True
Is 17685816 a multiple of 428?
True
Does 1069 divide 1652674?
True
Is 92007 a multiple of 302?
False
Does 3 divide 1017?
True
Is 461940 a multiple of 7?
False
Does 12 divide 7371408?
True
Is 263 a factor of 547040?
True
Is 124 a factor of 854716?
False
Is 473 a factor of 17028?
True
Is 313544 a multiple of 7?
True
Is 4 a factor of 308330?
False
Is 130397 a multiple of 18?
False
Does 18 divide 1123758?
True
Is 489 a factor of 748932?
False
Is 625 a factor of 485179?
False
Does 210 divide 763980?
True
Is 288845 a multiple of 205?
True
Is 266 a factor of 6470716?
True
Is 10 a factor of 8245?
False
Does 103 divide 833270?
True
Does 6 divide 829951?
False
Does 140 divide 1215340?
True
Is 1532907 a multiple of 51?
True
Is 41 a factor of 8282?
True
Is 6084 a multiple of 169?
True
Is 262 a factor of 1556621?
False
Does 254 divide 8814562?
True
Is 22 a factor of 35486?
True
Is 11718 a multiple of 6?
True
Is 43 a factor of 42570?
True
Is 13234500 a multiple of 346?
True
Is 624 a factor of 1597030?
False
Is 545 a factor of 261267?
False
Does 105 divide 168840?
True
Is 6708 a multiple of 8?
False
Is 25 a factor of 118900?
True
Is 7080995 a multiple of 95?
False
Is 15 a factor of 97520?
False
Is 91 a factor of 6960460?
False
Does 53 divide 165764?
False
Is 23 a factor of 118656?
False
Is 511453 a multiple of 19?
False
Is 125 a factor of 31829?
False
Is 193278 a multiple of 22?
False
Does 492 divide 1735199?
False
Is 33836 a multiple of 33?
False
Does 3 divide 104352?
True
Is 14 a factor of 391230?
True
Is 619665 a multiple of 327?
True
Does 35 divide 221515?
True
Is 138 a factor of 33499?
False
Does 20 divide 240880?
True
Is 31227 a multiple of 7?
True
Is 390895 a multiple of 18?
False
Is 8103328 a multiple of 109?
False
Does 22 divide 1756180?
False
Is 478863 a multiple of 77?
True
Is 177768 a multiple of 54?
True
Is 14270355 a multiple of 681?
True
Is 76076 a multiple of 26?
True
Is 121189 a multiple of 17?
False
Does 340 divide 752420?
True
Does 47 divide 259852?
False
Is 2845765 a multiple of 88?
False
Is 650 a factor of 227147?
False
Is 306054 a multiple of 63?
True
Does 286 divide 2272922?
False
Does 82 divide 1734545?
False
Does 18 divide 1629810?
True
Is 4 a factor of 181147?
False
Is 52 a factor of 22849828?
False
Is 204 a factor of 217056?
True
Is 194274 a multiple of 387?
True
Is 638787 a multiple of 86?
False
Is 12791185 a multiple of 11?
True
Does 213 divide 260499?
True
Does 130 divide 6207630?
True
Is 113628 a multiple of 68?
True
Does 145 divide 98020?
True
Is 5719361 a multiple of 138?
False
Does 20 divide 366940?
True
Does 11 divide 10483861?
False
Does 12 divide 7926394?
False
Does 47 divide 2788604?
True
Is 19 a factor of 2879165?
True
Is 2674663 a multiple of 151?
True
Is 3 a factor of 374786?
False
Does 46 divide 1380690?
True
Does 20 divide 2887?
False
Is 20 a factor of 96753?
False
Is 334 a factor of 303909?
False
Does 7 divide 382998?
True
Is 683510 a multiple of 67?
False
Does 42 divide 7560840?
True
Does 165 divide 47685?
True
Is 7 a factor of 1638?
True
Does 399 divide 635467?
False
Is 378896 a multiple of 952?
True
Is 335831 a multiple of 5?
False
Is 18 a factor of 7310790?
True
Is 40 a factor of 7614?
False
Does 13 divide 292266?
True
Is 956633 a multiple of 215?
False
Is 398 a factor of 4679684?
True
Is 87 a factor of 365292?
False
Is 12860244 a multiple of 12?
True
Does 58 divide 953984?
True
Does 164 divide 124476?
True
Does 317 divide 8618279?
True
Is 28 a factor of 53788?
True
Is 133 a factor of 25764095?
True
Does 13 divide 168623?
True
Is 38520 a multiple of 535?
True
Is 818276 a multiple of 112?
False
Is 46848 a multiple of 48?
True
Does 56 divide 86688?
True
Does 225 divide 2326275?
True
Is 4240648 a multiple of 406?
False
Is 462 a factor of 5831826?
True
Is 12 a factor of 23686?
False
Is 55 a factor of 93610?
True
Does 49 divide 43616?
False
Is 3 a factor of 124272?
True
Does 97 divide 23418?
False
Is 105399 a multiple of 147?
True
Is 13484434 a multiple of 73?
False
Does 595 divide 8816617?
False
Is 696780 a multiple of 315?
True
Does 15 divide 437447?
False
Is 59440 a multiple of 40?
True
Is 3589235 a multiple of 1749?
False
Is 178 a factor of 1251696?
True
Does 55 divide 99925?
False
Is 203 a factor of 978130?
False
Is 191 a factor of 5733470?
False
Does 178 divide 2638850?
True
Is 6 a factor of 1861064?
False
Does 157 divide 215561?
True
Is 16 a factor of 518832?
True
Is 8 a factor of 3951576?
True
Does 66 divide 181566?
True
Does 19 divide 910826?
False
Is 90530 a multiple of 98?
False
Does 17 divide 125103?
True
Is 170705 a multiple of 226?
False
Is 5 a factor of 29515?
True
Is 705386 a multiple of 11?
True
Is 1280136 a multiple of 48?
False
Is 184999 a multiple of 2?
False
Does 31 divide 3113223?
False
Is 185 a factor of 10875410?
True
Does 8 divide 60914?
False
Is 487723 a multiple of 18?
False
Is 217 a factor of 1502074?
True
Does 283 divide 4783005?
False
Is 13 a factor of 1508923?
True
Does 38 divide 8671904?
True
Is 154 a factor of 508432?
False
Is 1348155 a multiple of 48?
False
Is 3390200 a multiple of 92?
True
Is 687418 a multiple of 305?
False
Is 5518838 a multiple of 12?
False
Does 23 divide 77480?
False
Is 14 a factor of 1127693?
False
Is 3932712 a multiple of 119?
True
Is 752572 a multiple of 152?
False
Is 249924 a multiple of 118?
True
Does 379 divide 8053750?
True
Is 107820 a multiple of 15?
True
Does 57 divide 2330508?
False
Does 6 divide 2836224?
True
Does 74 divide 4094421?
False
Is 522003 a multiple of 573?
True
Is 7 a factor of 7182353?
False
Does 207 divide 9178794?
True
Is 2 a factor of 109418?
True
Is 111802 a multiple of 41?
False
Is 12 a factor of 294367?
False
Does 646 divide 15785010?
True
Does 13 divide 7949?
False
Is 13 a factor of 1977833?
True
Is 312169 a multiple of 11?
True
Does 6 divide 13468?
False
Is 4 a factor of 4764?
True
Does 709 divide 16852978?
False
Is 9 a factor of 112141?
False
Is 41 a factor of 4369721?
False
Is 5601447 a multiple of 57?
True
Is 19 a factor of 3825945?
False
Is 403910 a multiple of 662?
False
Is 149220 a multiple of 25?
False
Is 208 a factor of 344236?
False
Is 34009 a multiple of 70?
False
Does 19 divide 14757319?
True
Does 130 divide 130910?
True
Is 771 a factor of 3316071?
True
Is 461 a factor of 13487477?
True
Does 525 divide 9730875?
True
Is 36 a factor of 2764620?
True
Is 52 a factor of 1605188?
True
Is 628 a factor of 2598036?
True
Is 68 a factor of 54876?
True
Is 154064 a multiple of 8?
True
Does 138 divide 31872?
False
Does 5 divide 1040?
True
Is 11 a factor of 5416?
False
Is 10 a factor of 56430?
True
Is 147496 a multiple of 179?
True
Is 166501 a multiple of 131?
True
Is 10478415 a multiple of 35?
False
Does 336 divide 250992?
True
Does 277 divide 106296?
False
Is 14 a factor of 555702?
True
Is 6480862 a multiple of 14?
False
Does 146 divide 56648?
True
Is 187 a factor of 81719?
True
Does 127 divide 175546?
False
Is 910268 a multiple of 14?
False
Is 917835 a multiple of 39?
False
Is 5 a factor of 1457080?
True
Is 91 a factor of 21152104?
False
Is 245349 a multiple of 27?
True
Is 16 a factor of 132475?
False
Is 4305131 a multiple of 716?
False
Is 246415 a multiple of 223?
True
Is 274 a factor of 40826?
True
Is 234560 a multiple of 320?
True
Is 47 a factor of 11